(-12))/((-2)/x)?
2
Suppose 5*l = -4*b - 18, -3*b + 3*l - 2 = b. Let v = b + -1. List the prime factors of ((-7)/v)/((-6)/(-18)).
7
Let p = 1004 - 667. List the prime factors of p.
337
Let z(q) = -3*q**3 - 5*q**2 + q - 4. Let v(r) = 4*r**3 + 4*r**2 + 3. Let g(w) = -2*v(w) - 3*z(w). List the prime factors of g(-7).
3
Let d = -92 + 196. List the prime factors of d.
2, 13
Let g = 29 + -9. Suppose m - g = -3*m. Suppose 4*k - 5 = -4*h + 31, -m*k + 20 = 0. What are the prime factors of h?
5
Let z(d) = 6*d**3 + d**2 - 2*d + 1. Let f be 3/15 - 4/(-5). What are the prime factors of z(f)?
2, 3
List the prime factors of (-6)/(-5)*55/2.
3, 11
Suppose -15 - 99 = -3*w. Let n = w - 26. Let g = -6 + n. List the prime factors of g.
2, 3
Let z = 655 + -429. What are the prime factors of z?
2, 113
Let m(y) = y**2 + 13*y - 15. Let k be m(-15). Let v = k + -11. What are the prime factors of v?
2
What are the prime factors of ((-2)/6)/(3/(-72))?
2
Let p(a) = a**2 + 3*a - 2. Let j be p(-4). Let g(w) = 5*w**3 + w - 2. List the prime factors of g(j).
2, 5
Let q(p) = -5*p**2 + 3*p**2 + 2*p + 3*p**2. What are the prime factors of q(-6)?
2, 3
Let m be -2 - -4 - 4/(-2). Suppose m*z = -3 + 15, -4*z = 3*a - 9. Let y = a + 3. What are the prime factors of y?
2
Let n(o) = -o**2 - 11*o - 7. Let z be n(-10). Let p = z + 5. What are the prime factors of p?
2
Suppose -5*n + 126 = -3*f + 7, 4*n - 103 = 5*f. List the prime factors of n.
2, 11
List the prime factors of (0 + 0)/(-4) - (-229 - -1).
2, 3, 19
Suppose 84 = -v + 5*v. What are the prime factors of v?
3, 7
Suppose 2*d - c - 10 = c, -5*d + 2*c + 19 = 0. Suppose 215 = 5*h - d*x, h + h = -4*x + 86. List the prime factors of h.
43
Suppose 153 = 4*l + 5*y, 2*l - 70 = -0*l + 4*y. What are the prime factors of l?
37
Suppose 54 + 52 = 2*r. What are the prime factors of r?
53
What are the prime factors of (-50 - 1)/(-3) - -2?
19
Let w = -49 + 41. Suppose 24 = 2*o + d - 10, 3*o - d = 56. Let l = w + o. What are the prime factors of l?
2, 5
Let g = -1 + 4. Let j = -16 - -22. Suppose -g*i = -j*i + 15. List the prime factors of i.
5
Suppose 2*n - 16 = 4*i, 3*i + 3*n = -2*n + 14. Suppose 4*p = -y - 149, -2*p - 3*y + 33 = 120. What are the prime factors of (p/2)/i + -1?
2
Let i(f) = 22*f**2 + 4*f - 3. Let u(y) = y**3 + 9*y**2 + 9*y + 9. Let b be u(-8). List the prime factors of i(b).
23
Let p(d) = 10*d - 3. Let y be 14/(3*(-2)/33). Let s be (-168)/y + 4/(-22). List the prime factors of p(s).
17
Let o(f) = -f - 1. Let g(v) = v**3 + 2*v**2 - 5*v - 3. Let c be g(-3). Let q(j) = 2*j**2 + 9*j + 8. Let k(r) = c*o(r) + q(r). List the prime factors of k(-4).
13
Let f(z) = 2 + 2*z + 3 - 4. List the prime factors of f(5).
11
Let z = 9 + -6. Suppose -z*n - b = -17 - 0, -23 = -5*n + b. List the prime factors of n.
5
Let z = -67 + 109. What are the prime factors of z?
2, 3, 7
Let p be 2/4*-2*-2. Suppose -1 = p*b - 7. List the prime factors of b.
3
Let t(y) = 2*y + 19. Let o(p) = p + 1. Let l(j) = 5*o(j) - t(j). Let i be l(10). Suppose -4*w = 3*f - 40, 0 = -2*f - 2*f + i. List the prime factors of w.
7
Let j(k) = 4*k**2 - 3*k + 2. Let b(c) = 6*c - 1. Let f be b(1). Suppose -f*v + 8 = -v. What are the prime factors of j(v)?
2, 3
Let f = 348 + -228. What are the prime factors of f?
2, 3, 5
Let k(h) = h - 4. Let c be (-4)/((-4 + 3)*1). Let v be k(c). Suppose v*j - 23 = -3*j - a, 4*j - 3*a - 48 = 0. List the prime factors of j.
3
Let x = 6 + -4. Suppose -x = -4*h + 6. Suppose 0 = -g - 5*v + 3 - 1, -5*v + 4 = h*g. What are the prime factors of g?
2
Suppose 267 = 5*g - 5*f - 438, -5*f - 297 = -2*g. Suppose -5*k = 4*w - 205, 3*w - 64 = -5*k + g. List the prime factors of k.
37
Let m be 2 + 9/(-3) - -25. Suppose m = 3*a - a. List the prime factors of a.
2, 3
Let r(f) = f**3 - 4*f**2 - 4*f - 5. Let d be r(5). Suppose j + d = 4. List the prime factors of j.
2
Suppose 5*a = a + 60. Suppose 3*s + 2*s = a. Suppose -5*o = s*x - x - 23, -4*o - 4*x = -16. List the prime factors of o.
5
Let y = 28 + 7. List the prime factors of y.
5, 7
Suppose 4*k - 39 = -5*y, -2*k - 2*y + 6*y + 52 = 0. List the prime factors of k.
2
Let g = 2 - -2. Suppose p = 10 + g. List the prime factors of p.
2, 7
Let k = -22 - -27. Suppose k*y + 40 = 5*a, a = 2*a + 2*y + 7. What are the prime factors of a?
3
Let n = -52 - -206. List the prime factors of n.
2, 7, 11
Let c(v) = -4*v - 4. Let j be c(-4). Suppose -j - 6 = -6*b. List the prime factors of b.
3
Suppose -3*h + h + 20 = 0. List the prime factors of h.
2, 5
Let g(p) = 2*p + 33. What are the prime factors of g(17)?
67
Let j(u) = 2 + 3*u + 3*u + 0*u**2 - 2*u**2 + u**3 - 5*u. Let h = -8 + 11. List the prime factors of j(h).
2, 7
Let p be 9/(-3) + 3 + 0. Suppose p*i = -i + 8. List the prime factors of i.
2
Let f(k) = -k**3 - 4*k**2 + 6*k. Let c be f(-5). List the prime factors of (c/(-2))/(2/4).
5
Let h(n) = n**3 - 6*n**2 - 6*n - 3. What are the prime factors of h(7)?
2
Let r = -3 - -16. What are the prime factors of r?
13
Let i(n) = n**3 - 3*n**2 - 14*n + 3. What are the prime factors of i(7)?
101
Let x(q) = -3*q - 4. Let i be (-1)/1 + -2 + 3. Suppose 2*f + i = -10. List the prime factors of x(f).
11
Let o = 6 + 3. What are the prime factors of o?
3
Let l be (-1)/(2 - 1) + -151. List the prime factors of l/(-11) + (-2)/(-11).
2, 7
Suppose 4*u + 251 = 5*c, 0 = -c + 6*c + 4*u - 219. What are the prime factors of c?
47
Suppose -3*g = 2*g - 65. What are the prime factors of g + (0 - (-2)/1)?
3, 5
Let d(u) = 292*u**2 - u - 2. What are the prime factors of d(-1)?
3, 97
Suppose -6*l = -292 - 14. What are the prime factors of l?
3, 17
Let i be (-98)/(-4) + 6/4. Suppose b - 2*l - 11 = 0, 2*l + i = 2*b - 0*l. What are the prime factors of b?
3, 5
Let a(n) = -n + 6. Let t be a(6). Suppose 30 = 3*l - t*l. List the prime factors of l.
2, 5
Let t = -127 + 198. What are the prime factors of t?
71
Let u = -205 - -337. What are the prime factors of u?
2, 3, 11
Let z = 3 + -1. Suppose 0 = z*v + x + 2*x - 2, -4*v = 2*x - 12. What are the prime factors of v?
2
Let s be (-2 - -4) + 3 - -3. Suppose 2*j - s = -2. Suppose 0*o - 39 = -j*o. List the prime factors of o.
13
Let l(y) be the second derivative of -y**5/20 + y**4/2 - y**3/2 + y**2/2 + 6*y. Suppose 0 = -3*f - 9, c + 0*c + 4*f = -7. What are the prime factors of l(c)?
11
Suppose -2*v + 4*v - 6 = 0. Let q = 4 - v. Let r = q + 10. What are the prime factors of r?
11
Let x(q) = q**3 + q + 192. List the prime factors of x(0).
2, 3
Let m(b) be the third derivative of b**4/6 - b**3/2 - b**2. Let t(h) = h + 1. Let c be t(1). What are the prime factors of m(c)?
5
Let p = -17 + 29. Let u(i) = 2*i - 4. Let w be u(3). Suppose -w*a = a - p. What are the prime factors of a?
2
Let b(m) = -2*m**3 + 2*m**2 + m. Let d be b(-1). Suppose -7*c + 152 = -d*c. List the prime factors of c.
2, 19
List the prime factors of 6/((-72)/(-21))*8/1.
2, 7
Let d = -14 - -103. What are the prime factors of d?
89
Let n be 23/(13/4 + -3). Suppose 0*x + 4*x - n = 0. List the prime factors of x.
23
Let j(a) = -a**2 - 6*a + 9. Let r be j(-9). Let m(n) = -n - 5. Let y be m(-9). What are the prime factors of (-800)/(-45) - y/r?
2, 3
Suppose -1489 - 439 = -4*g. Let i be (-3)/15 + g/10. Suppose -4*u + 3*o + 3 = -i, 2*u - 19 = -5*o. What are the prime factors of u?
2, 3
Let g be (-4 - -2) + (-7)/(-1). Suppose -20 = -3*b - g*c, -3*b + 0*c + 13 = -2*c. Let q = b - -1. What are the prime factors of q?
2, 3
Let w(u) = 4*u - 3. Let d(x) = -12*x + 10. Let y(o) = 3*d(o) + 8*w(o). Let n(k) = -5*k + 7. Let z(p) = 3*n(p) - 4*y(p). What are the prime factors of z(6)?
3
Let c be (-1)/4 + (-105)/28. List the prime factors of c/18 + 436/18.
2, 3
Let k = 61 + -17. Suppose -3*z + k = 8. List the prime factors of z.
2, 3
Let b(i) = 2*i**3 - 2*i**2 + 7*i - 3. Let r be b(3). Let k = r + -4. List the prime factors of k.
2, 5
List the prime factors of (-1532)/(-13) + 1 - (-8)/52.
7, 17
Let s = 72 + -51. Suppose 0 = -4*t + s - 9. Suppose 0 = -5*m - a + 12, 3*m + 2*a = -t*a - 6. List the prime factors of m.
3
Suppose p + 4*h = 15, 3*p + 2*h - 7 = 68. List the prime factors of p.
3
Suppose 410 = -2*c + 7*c. What are the prime factors of c?
2, 41
Let h(y) = -y**3 + 11*y**2 + 14*y - 18. Let b be h(12). Suppose 3*j - b = -2*t, -j = -4*t - 6 - 10. List the prime factors of 4*-